. Suppose 2*n - t = 0, n + g*t = 6*t + 6. Let y(d) = -d**3 - 4*d**2 - 4*d - 3. What is y(n)?
-3
Let q(c) = -5*c + 5. Let j(v) = 4*v - 5. Let b(x) = 4*j(x) + 3*q(x). Give b(6).
1
Let w(z) = 15*z - 2*z**2 - 6*z + 2*z**2 - 10 + z**2. Let l be w(-10). Let q(r) = r**3 - r**2 + r - 8. Give q(l).
-8
Let s(m) be the first derivative of -m**2/2 + 13*m + 37. Calculate s(0).
13
Let o(q) = -q**2 + 6*q + 3. Suppose 0 = 2*y - 3*z - 6, -2*y - 2*z = -0*y - 16. Give o(y).
3
Let h(w) be the third derivative of -w**4/24 - 2*w**3/3 - 6*w**2. Calculate h(-3).
-1
Let x(l) = -l**3 - 5*l**2 - 2*l + 2. Let s = 39 - 19. Let b = -23 + s. What is x(b)?
-10
Let r(o) = -o**2 - 4*o + 4. Let k be r(-5). Let b(t) be the first derivative of -t**2 - 20. Give b(k).
2
Let d = 7 - 3. Let v(a) = a + 2 + 3*a - d*a - a. Calculate v(-2).
4
Let c(p) be the second derivative of p**4/12 - p**3/6 - 3*p**2/2 - 3*p. Suppose 1 = -3*t + 16. Suppose 8*u - t*u = 0. Determine c(u).
-3
Suppose -r - 18 = -7*r. Let t(b) be the second derivative of 0 + 5/6*b**r - 1/12*b**4 + 4*b - 2*b**2. What is t(5)?
-4
Let n(o) = o - 25 + 6 + 14. Give n(6).
1
Let o be 6/(-5)*15/6. Let m = o - 3. Let c(d) = d + 4. What is c(m)?
-2
Let o(p) = 2*p**2 + 3*p + 3. Let b be o(-2). Let t(u) = 3*u - 4*u + b + 3*u - 3*u. Calculate t(4).
1
Suppose k = -q - 6, -k + 3*k + 4*q = -20. Let n(b) = -b - 1. Determine n(k).
1
Let n(b) = -b**2 + b. Let f(h) = -7*h**2 + 11*h + 6. Let p(d) = f(d) - 6*n(d). Determine p(6).
0
Let n be (5 - -5) + 2 + -2. Let z(w) = -n*w - w + 2*w. Calculate z(-1).
9
Let v = 9 + -8. Let n(c) = c - 3*c + 0 + v + c. Give n(3).
-2
Let a(q) = 5*q. Let s be a(1). Let r(i) be the first derivative of -i**2 + 5*i + 1. What is r(s)?
-5
Let t(j) = j + 14. Let w be t(-14). Let k(i) = w*i - 6 + 2*i - i. Calculate k(6).
0
Suppose -5*s - 5*r - 95 = 0, -3*s - r = r + 54. Let j = s + 15. Let b(m) = 6*m**3. Give b(j).
-6
Let i(c) = -c + 3. Let x(m) = -1. Let s(q) = -2*i(q) - 7*x(q). Let o(z) = -3*z**3 - 1. Let t be o(-1). Suppose -4*k + 10 = t. Determine s(k).
5
Let w(z) = z**2 + 6*z + 1. Let f(o) = -2*o**2 - 6*o - 1. Let k(x) = 3*f(x) + 4*w(x). Determine k(5).
-19
Suppose 0 = -6*h + 2*h + 8. Let z(u) = -u - 5*u**2 + 4*u**h - 2 + 4. Suppose b = -2*b. Give z(b).
2
Let z(v) = -10*v**3 + v**2 - 2*v + 1. Let l(b) = -b**3 + 2*b**2 + 6*b - 11. Let r be l(2). Calculate z(r).
-10
Let s(q) = 3*q**2 - q**2 - 6*q**2 + 5*q**2. Calculate s(1).
1
Let z be (-5)/1*16/(-40). Let x(w) = 2 + z*w - 7*w**2 + 9*w**2 - w**2. Give x(-2).
2
Suppose -5*j - 2*i + 4 = 0, j - 3*i = -4*j - 6. Let a(u) = -u**2 - u + 3. Determine a(j).
3
Let p be (-58)/(-4) + (-4)/8. Suppose -o - p = 4*g - 2*g, -5*o + 3*g = 18. Let l(j) = 5*j**2 + j**3 + 5*j - 1 - j + 2*j**2 - 5. Give l(o).
6
Let y(w) = -w**2 + 3*w - 3. Let c(n) = -3*n**2 + 8*n - 9. Let k(g) = 4*c(g) - 11*y(g). What is k(-3)?
-9
Let q be (0 - -1) + 2*-2. Suppose o + 15 = 6*o. Let l(j) = o*j**3 - 4 - 2*j**3 + j + 2*j + 5*j**2. Determine l(q).
5
Let k(o) = o**3 + 4*o**2 + o + 4. Suppose 5*l - 7 = -42. Suppose 0*y - 4*f = -5*y - 55, 3*f + 11 = -y. Let u = y - l. Calculate k(u).
0
Let i(y) = 1. Let o(l) = l - 9. Let p(w) = -2*i(w) + o(w). Determine p(0).
-11
Let b(g) be the third derivative of 1/120*g**6 - 1/3*g**3 + 0*g**4 + 1/15*g**5 + 4*g**2 + 0*g + 0. Determine b(-4).
-2
Let d(c) = 256 + c**2 - 257 - 6*c**3 + 4*c**3. Suppose k + 4*k + 5 = 0. Give d(k).
2
Suppose b - 4*b - 9 = 0. Let u = -2 + b. Let n(o) = -o**3 - 5*o**2 - 4. Determine n(u).
-4
Let j(h) = h**2 + 2*h + 2. Let n(t) = -t**2 - 7*t - 9. Let o be n(-6). Let x be j(o). Let v(a) = 2 + 0 + 0*a - 2*a + a**3 - 5*a**2. What is v(x)?
-8
Let c = 28 - 20. Let m(x) = x**3 - 9*x**2 + 9*x + 9. Let z be m(c). Suppose 18 = 2*l - a + 5*a, l + 4*a - z = 0. Let n(b) = 5*b**3 + 1. Calculate n(l).
6
Suppose 0 = 4*p - 4*m, 5*p + 12 = -2*m + 3*m. Let k(s) = s + 4. Let t be k(p). Let y(f) = 1 + 5*f + 3*f + t - 2*f. Determine y(-2).
-10
Suppose -6*f = -4*f - 4*c - 22, 4*f = c + 23. Let d = f + -2. Let k be (2 - 1)/(-1)*d. Let i(r) = -r + 1. Calculate i(k).
4
Let d(v) = 4*v**3 - 3*v**2 + v - 1. Let g(i) = -i**3 + i**2 + 1. Let l(c) = -d(c) - 2*g(c). Suppose 1 = 3*z - 4*z. Give l(z).
3
Let x(g) = -11*g**3 + 26*g**2 + 2*g - 8. Let n(r) = 4*r**3 - 9*r**2 - r + 3. Let y(c) = -8*n(c) - 3*x(c). Give y(5).
-15
Let n(k) be the first derivative of -k**3/3 + k**2/2 + k - 1. Let w(o) = -o - 4. Let l be w(-13). Suppose -z - l = -4*z. Calculate n(z).
-5
Let b(a) = a**2 + 3*a + 2. Suppose -13*i + 12*i - 3 = 0. What is b(i)?
2
Let s = -4 - -9. Let r(o) = o - 4. Let b be r(s). Let i(v) = 6*v. Calculate i(b).
6
Suppose 18 = -h + 4*h. Let l be (-10)/(-6) - 4/h. Let n(o) = -l + 3*o**2 + 2*o + 0*o + 0. What is n(1)?
4
Suppose 35 = 5*v + 3*s, 0 = 4*v - 4*s - 0 + 4. Let m(p) be the third derivative of -p**5/60 + 5*p**4/24 + p**3/3 - 6*p**2. Determine m(v).
6
Let y(m) = 0 - 3 - 4*m + 5 - 4. What is y(-2)?
6
Let q(i) be the first derivative of -i**2 + 8*i - 14. Give q(7).
-6
Let k(w) = -28*w**3 + 11 + 2*w - 10*w + 10*w**3 - 5*w**2. Let y(r) = 6*r**3 + 2*r**2 + 3*r - 4. Let g(q) = -4*k(q) - 11*y(q). Determine g(-1).
-7
Let a be ((-4)/6)/(1/9). Let r = -12 - -14. Let g(b) = 139*b**2 + 4 - 140*b**r - 4*b + 3. Determine g(a).
-5
Suppose -3*s + t = 5, -3*s - 16 = -2*t - 6. Let x be (3 - s)*4/3. Let u(m) = m**3 - 2*m**2 - 5*m. Give u(x).
12
Let y(v) be the third derivative of v**5/30 - v**4/12 - v**3/6 + 2*v**2. Let k(x) = -x**2 + 2. Let c be k(0). Calculate y(c).
3
Suppose 4 - 14 = -5*n. Let t(s) = 0 - s - n*s**2 - 5 + 3*s**2. Let q be 3/18 - 1/6. What is t(q)?
-5
Let p(q) be the third derivative of -q**6/180 + q**5/60 + q**4/24 + q**3/3 - 2*q**2. Let r(x) be the first derivative of p(x). Determine r(2).
-3
Let r = 10 + -4. Let w(g) = g. Give w(r).
6
Let i(a) = 3 - 4 - 6*a + a**2 + 3*a + a**3 + 2*a**2. Determine i(-3).
8
Let u be (-2)/(-5) + 232/20. Let a be 3 + 7/(21/u). Let y(k) = 0 - a*k**3 + 1 - 2*k**2 + 0*k**2. What is y(-1)?
6
Suppose 0 = -2*r + 10, -4*r + 3 + 13 = -2*z. Suppose -v = -3 - z. Let a(w) = -w**2 + 4*w + 1. Determine a(v).
-4
Let c(j) = 3*j - 3. Let p(y) = -y. Let i(v) = -c(v) - 6*p(v). Determine i(-6).
-15
Let i be -2*(-1)/1 + -6. Let r(b) = -2*b - 1 - b**2 - 2*b + 2. Calculate r(i).
1
Let c be 4 + 1 - (-7)/(-7). Let d(j) = -2*j**2 + 5*j**2 + 6*j - c*j**2 + 5. Let a = -7 + 12. Determine d(a).
10
Let s(u) be the second derivative of -u**5/20 - u**4/3 + u**3 - 4*u. What is s(-5)?
-5
Let j(y) = -3*y**2 - y. Let x(v) = -v**3 - 6*v**2 + v + 1 - v**2 + 7*v. Let f be x(-8). Let b = f + -2. Calculate j(b).
-2
Suppose -p = p + 2. Let g(t) = 2*t**2 + 2*t + 4 - 10 + 7 - 3*t**3. Calculate g(p).
4
Let v be 3/15*6*(-10)/(-4). Let k(f) = -f**2 - f. Give k(v).
-12
Suppose -5 = 5*a, -3*x = -4*x - 3*a. Let j(h) be the third derivative of -1/4*h**4 + 0*h**x + 0 + h**2 + 0*h. Give j(-1).
6
Let a(y) be the first derivative of 1/3*y**3 + 3*y**2 - 6 - y. What is a(-6)?
-1
Let f(d) = d**2 + 0*d**3 - d - d**3 - 2*d**3 + 9*d**3. Let x = 3 + 0. Suppose 0 = 2*z - x + 1. Determine f(z).
6
Let s(b) = 12*b + 0*b - 14*b**2 - 9 + 13*b**2. Let k be s(11). Let u(g) = 2*g + 11. Let w(l) = l + 5. Let x(h) = k*u(h) - 5*w(h). What is x(-5)?
2
Let s(u) = -2*u**2 - 8*u + 2. Let n be s(-3). Let m(q) = -q**3 + 7*q**2 + 9*q - 8. What is m(n)?
0
Suppose 0 = 3*a + 2*a + 5*w - 35, -5*a - 2*w + 23 = 0. Let k(t) = t - 1. What is k(a)?
2
Suppose 5*g = 5*w + 5, -2*w + g + 0 + 2 = 0. Let v(i) = -i**3 + 3*i**2 - 4*i + 4. Determine v(w).
-8
Let q(o) = -o**3 - 4*o**2 - 4*o. Suppose 0 = 5*h - 3*x, 0*h - 5*h = 3*x + 30. Give q(h).
3
Let t(m) = -5*m**3 + 6*m**2 + 7*m + 12. Let u(g) = -14*g**3 + 17*g**2 + 20*g + 36. Let w(v) = 17*t(v) - 6*u(v). What is w(0)?
-12
Suppose 0 = -2*y + 6*y - 12, 19 = 2*q - 3*y. Let v(b) = -b + 18. What is v(q)?
4
Let i(t) = 11*t**2 - 2*t - 1. Let m = -48 + 27. Let r be ((-2)/6)/((-7)/m). Give i(r).
12
Let c(a) = -3*a - 6 + 0*a + 4*a + 10. Determine c(-4).
0
Let x(m) = 4*m + 4 - 5 - 7. Calculate x(6).
16
Suppose 0 = 4*g + 4*h + 24, h = -4*g - 2*h - 25. Let s(j) = -2*j - 8. What is s(g)?
6
Suppose 0 = 5*z - 5*g - 40, -2*g - g - 12 = 0. Let m(q) = -3*q + 4. Calculate m(z).
-8
Let h(i) = 9*i + 4. Let v be h(-1). Let s(o) = o - 6. Determine s(v).
-11
Let u = 48 + -42. Let q(m) = -m**2 + 8*m - 5. Determine q